 38566597 a composite number?
False
Is 527455 composite?
True
Is 16882277 a composite number?
False
Is 15759679 a prime number?
False
Is 186549797 prime?
False
Is 25719703 a composite number?
False
Is 90949533 prime?
False
Is 6379453 a prime number?
True
Is 121748671 composite?
True
Is 14689399 a prime number?
False
Is 15551693 composite?
True
Is 23119909 a prime number?
False
Is 103345309 a composite number?
False
Is 1676006 prime?
False
Is 27544955 a prime number?
False
Is 2273171 a composite number?
False
Is 2005277 a composite number?
False
Is 3280867 composite?
False
Is 4461539 a composite number?
False
Is 15431171 a prime number?
False
Is 17870419 prime?
False
Is 5380042 a prime number?
False
Is 1427851 a composite number?
False
Is 15929959 a composite number?
True
Is 56773579 a composite number?
False
Is 89069263 composite?
False
Is 521081147 a composite number?
True
Is 9640801 a composite number?
True
Is 50121179 a prime number?
False
Is 42741403 prime?
True
Is 14436197 a prime number?
True
Is 21914609 composite?
False
Is 32508001 prime?
False
Is 33506359 composite?
False
Is 12078877 prime?
False
Is 188553 composite?
True
Is 128030107 composite?
False
Is 36355831 composite?
False
Is 125883638 a composite number?
True
Is 4140359 composite?
True
Is 25201081 a prime number?
False
Is 6494819 prime?
False
Is 3873767 a composite number?
False
Is 25948609 prime?
True
Is 4617671 a prime number?
True
Is 376219061 a prime number?
False
Is 66473 composite?
True
Is 7984945 composite?
True
Is 109526786 a composite number?
True
Is 285377 a prime number?
True
Is 5377819 a prime number?
False
Is 920555 prime?
False
Is 428980927 a composite number?
True
Is 77004149 prime?
False
Is 134023865 prime?
False
Is 75020489 a composite number?
False
Is 9089461 composite?
False
Is 10112431 a composite number?
True
Is 228328885 prime?
False
Is 7598159 a composite number?
False
Is 577019 a composite number?
True
Is 176861543 a composite number?
False
Is 5778491 a composite number?
False
Is 13945539 a prime number?
False
Is 4706503 a prime number?
True
Is 1407221873 a prime number?
True
Is 14324339 composite?
False
Is 2516567 composite?
False
Is 4478377 composite?
True
Is 58561627 composite?
True
Is 29874034 composite?
True
Is 3427001 a prime number?
False
Is 3700771 composite?
False
Is 473115073 composite?
True
Is 95083649 a composite number?
False
Is 9310087 a prime number?
True
Is 5194337 prime?
True
Is 39761 a composite number?
False
Is 7544233 a prime number?
True
Is 2758333 a prime number?
False
Is 6618653 composite?
False
Is 19629167 a composite number?
False
Is 351458951 a composite number?
False
Is 7337221 a composite number?
False
Is 9297614 a composite number?
True
Is 118861 a prime number?
True
Is 676881043 a composite number?
True
Is 15006071 composite?
False
Is 20000665 a composite number?
True
Is 6598589 composite?
False
Is 3795071 a prime number?
False
Is 692239 a prime number?
True
Is 243131359 prime?
True
Is 4140259 a prime number?
True
Is 3828941 composite?
False
Is 307438435 composite?
True
Is 2005823 prime?
False
Is 20350753 prime?
True
Is 3006337 prime?
False
Is 233783479 a composite number?
False
Is 63193379 composite?
False
Is 42305773 a prime number?
False
Is 12446603 composite?
True
Is 4402391 composite?
True
Is 40191623 composite?
True
Is 2325559 a composite number?
False
Is 1033986473 a prime number?
False
Is 82231711 a composite number?
False
Is 429449 prime?
True
Is 28566907 a composite number?
False
Is 15581 a composite number?
False
Is 472655 a composite number?
True
Is 97378313 composite?
True
Is 1019927 a composite number?
False
Is 1918461 a composite number?
True
Is 79291951 composite?
False
Is 2638289 a prime number?
False
Is 2872187 prime?
True
Is 622151 a prime number?
True
Is 8579341 a composite number?
False
Is 93352801 a prime number?
True
Is 12466457 composite?
True
Is 3326249 a composite number?
False
Is 593471 a composite number?
True
Is 195784079 composite?
False
Is 5522587 a composite number?
True
Is 2104427 composite?
True
Is 40858163 a prime number?
True
Is 56214553 a composite number?
True
Is 107441 a composite number?
False
Is 47860997 prime?
False
Is 147276533 prime?
True
Is 38409667 prime?
False
Is 581729 a prime number?
True
Is 483645433 a prime number?
True
Is 17350987 a prime number?
False
Is 17660609 a prime number?
True
Is 123292049 prime?
True
Is 1705831 composite?
True
Is 41779973 a prime number?
True
Is 58478519 a composite number?
True
Is 3397967 a composite number?
False
Is 21742111 a composite number?
False
Is 9498889 a prime number?
True
Is 14507587 a prime number?
True
Is 5106689 composite?
True
Is 38472683 a composite number?
True
Is 85669561 composite?
True
Is 644957461 prime?
True
Is 356591 a prime number?
True
Is 961063 prime?
True
Is 7218503 a composite number?
False
Is 1161779 a prime number?
False
Is 4922483 prime?
False
Is 46450391 a prime number?
False
Is 175883291 composite?
False
Is 368340449 a prime number?
True
Is 488336991 prime?
False
Is 8646221 a composite number?
False
Is 4751021 prime?
False
Is 1042309 a composite number?
False
Is 20503453 a composite number?
False
Is 5846831 a composite number?
False
Is 59038141 prime?
False
Is 16016293 prime?
False
Is 211684541 prime?
True
Is 9611933 a composite number?
True
Is 5104303 prime?
True
Is 32166653 a composite number?
True
Is 3030983 a composite number?
True
Is 100983703 composite?
False
Is 202993391 a prime number?
True
Is 226261037 prime?
True
Is 238360531 composite?
True
Is 36038533 prime?
True
Is 4012583 a composite number?
True
Is 1901267 composite?
False
Is 2329919 prime?
False
Is 4625321 prime?
True
Is 2360890849 a composite number?
False
Is 6101531 prime?
True
Is 12273761 prime?
True
Is 19407091 prime?
False
Is 12643126 prime?
False
Is 797741 prime?
False
Is 13396277 a composite number?
False
Is 8251663 prime?
False
Is 1554362255 composite?
True
Is 1538897 a prime number?
False
Is 322679015 a composite number?
True
Is 61359185 prime?
False
Is 50037793 composite?
True
Is 9233191 a prime number?
False
Is 996572821 a prime number?
False
Is 28390093 composite?
True
Is 128813 prime?
True
Is 157393 a composite number?
False
Is 64017539 a prime number?
True
Is 170460863 a composite number?
False
Is 2618519 prime?
False
Is 630076409 a composite number?
True
Is 15565247 a composite number?
True
Is 148507 a prime number?
False
Is 57113431 a composite number?
False
Is 68192167 a composite number?
False
Is 4889879 a composite number?
False
Is 43065445 a composite number?
True
Is 4171249 prime?
False
Is 132383 prime?
True
Is 14828317 composite?
True
Is 5559557 a composite number?
True
Is 372629 a composite number?
False
Is 1604257 a prime number?
False
Is 12540617 composite?
True
Is 59002981 a composite number?
True
Is 14690129 a composite number?
True
Is 14708879 a prime number?
True
Is 2160671 composite?
False
Is 2285291 composite?
False
Is 163915493 a composite number?
True
Is 8819381 prime?
True
Is 17116961 a composite number?
True
Is 47190443 a composite number?
False
Is 2447707 prime?
False
Is 10697203 a composite number?
True
Is 246452803 a prime number?
True
Is 50801329 a prime number?
False
Is 48731 a composite number?
False
Is 18529859 prime?
False
Is 124339031 composite?
False
Is 24037315 composite?
True
Is 54064151 a prime number?
True
Is 8378861 prime?
False
Is 525525901 composite?
True
Is 665527 a prime number?
True
Is 58001921 a composite number?
True
Is 290449213 composite?
False
Is 24159 composite?
True
Is 59503439 prime?
True
Is 207965627 composite?
True
Is 42607561 a composite number?
False
Is 186237607 a composite number?
True
Is 2113207 a composite number?
False
Is 105239517 prime?
False
Is 4712441 prime?
False
Is 37079 a composite number?
True
Is 894155 prime?
False
Is 6744401 prime?
False
Is 1305499511 a composite number?
False
Is 565141 prime?
False
Is 14212943 composite?
False
Is 262307 prime?
False
Is 4198241 composite?
True
Is 16351 prime?
False
Is 1964537 prime?
False
Is 19179073 a prime number?
True
Is 828154 a composite number?
True
Is 58248479 prime?
True
Is 430557 a composite number?
True
Is 21211577 composite?
False
Is 15649163 composite?
True
Is 577297 a prime number?
False
Is 639833 a prime number?
True